{"id":18,"date":"2022-01-12T19:40:58","date_gmt":"2022-01-12T19:40:58","guid":{"rendered":"http:\/\/fcabsnt.cl\/?page_id=18"},"modified":"2026-01-12T01:25:38","modified_gmt":"2026-01-12T01:25:38","slug":"directiva","status":"publish","type":"page","link":"https:\/\/fcabsnt.cl\/?page_id=18","title":{"rendered":"Directiva"},"content":{"rendered":"\t\t<div data-elementor-type=\"wp-page\" data-elementor-id=\"18\" class=\"elementor elementor-18\" data-elementor-settings=\"[]\">\n\t\t\t\t\t\t\t<div class=\"elementor-section-wrap\">\n\t\t\t\t\t\t\t<section class=\"elementor-section elementor-top-section elementor-element elementor-element-552ccb3 elementor-section-boxed elementor-section-height-default elementor-section-height-default\" data-id=\"552ccb3\" data-element_type=\"section\">\n\t\t\t\t\t\t<div class=\"elementor-container elementor-column-gap-default\">\n\t\t\t\t\t<div class=\"elementor-column elementor-col-100 elementor-top-column elementor-element elementor-element-6e52c56\" data-id=\"6e52c56\" data-element_type=\"column\">\n\t\t\t<div class=\"elementor-widget-wrap elementor-element-populated\">\n\t\t\t\t\t\t\t\t<div class=\"elementor-element elementor-element-0bffdb7 elementor-headline--style-highlight elementor-widget elementor-widget-animated-headline\" data-id=\"0bffdb7\" data-element_type=\"widget\" data-settings=\"{&quot;marker&quot;:&quot;underline&quot;,&quot;highlighted_text&quot;:&quot;Directiva&quot;,&quot;headline_style&quot;:&quot;highlight&quot;,&quot;loop&quot;:&quot;yes&quot;,&quot;highlight_animation_duration&quot;:1200,&quot;highlight_iteration_delay&quot;:8000}\" data-widget_type=\"animated-headline.default\">\n\t\t\t\t<div class=\"elementor-widget-container\">\n\t\t\t\t\t<h3 class=\"elementor-headline\">\n\t\t\t\t<span class=\"elementor-headline-dynamic-wrapper elementor-headline-text-wrapper\">\n\t\t\t\t\t<span class=\"elementor-headline-dynamic-text elementor-headline-text-active\">Directiva<\/span>\n\t\t\t\t<\/span>\n\t\t\t\t<\/h3>\n\t\t\t\t<\/div>\n\t\t\t\t<\/div>\n\t\t\t\t<div class=\"elementor-element elementor-element-750fc28 elementor-widget elementor-widget-text-editor\" data-id=\"750fc28\" data-element_type=\"widget\" data-widget_type=\"text-editor.default\">\n\t\t\t\t<div class=\"elementor-widget-container\">\n\t\t\t\t\t\t\t<h6 class=\"post-title\" align=\"center\">&#8220;El Sindicato Nacional de Trabajadores FCAB. Se crea el 15 de Diciembre de 2017. Esta es la fusi\u00f3n de dos antiguos sindicatos, los cuales eran sindicato N\u00b01 y N\u00b02 &#8230;..<br \/><br \/>A partir de esta fecha, se empieza a consolidar un \u00fanico sindicato que los socios anhelaban ya hace alg\u00fan tiempo. Vale destacar la participaci\u00f3n de la gran Mayor\u00eda de los socios para conformar este nuevo Sindicato que nos dar\u00e1 mucho m\u00e1s Fuerza, Respeto y Justicia.&#8221;<br \/><br \/>Nuestra Directiva se compone de los siguientes Miembros:<\/h6>\t\t\t\t\t\t<\/div>\n\t\t\t\t<\/div>\n\t\t\t\t\t<\/div>\n\t\t<\/div>\n\t\t\t\t\t\t\t<\/div>\n\t\t<\/section>\n\t\t\t\t<section class=\"elementor-section elementor-top-section elementor-element elementor-element-32da43a elementor-section-boxed elementor-section-height-default elementor-section-height-default\" data-id=\"32da43a\" data-element_type=\"section\">\n\t\t\t\t\t\t<div class=\"elementor-container elementor-column-gap-default\">\n\t\t\t\t\t<div class=\"elementor-column elementor-col-100 elementor-top-column elementor-element elementor-element-8479d52\" data-id=\"8479d52\" data-element_type=\"column\">\n\t\t\t<div class=\"elementor-widget-wrap elementor-element-populated\">\n\t\t\t\t\t\t\t\t<div class=\"elementor-element elementor-element-fe1d369 elementor-widget elementor-widget-image\" data-id=\"fe1d369\" data-element_type=\"widget\" data-widget_type=\"image.default\">\n\t\t\t\t<div class=\"elementor-widget-container\">\n\t\t\t\t\t\t\t\t\t\t\t\t\t\t\t<img loading=\"lazy\" decoding=\"async\" width=\"640\" height=\"426\" src=\"https:\/\/fcabsnt.cl\/wp-content\/uploads\/2026\/01\/PRESIDENTE-1-1024x682.png\" class=\"attachment-large size-large\" alt=\"\" srcset=\"https:\/\/fcabsnt.cl\/wp-content\/uploads\/2026\/01\/PRESIDENTE-1-1024x682.png 1024w, https:\/\/fcabsnt.cl\/wp-content\/uploads\/2026\/01\/PRESIDENTE-1-300x200.png 300w, https:\/\/fcabsnt.cl\/wp-content\/uploads\/2026\/01\/PRESIDENTE-1-768x512.png 768w, https:\/\/fcabsnt.cl\/wp-content\/uploads\/2026\/01\/PRESIDENTE-1-1536x1024.png 1536w, https:\/\/fcabsnt.cl\/wp-content\/uploads\/2026\/01\/PRESIDENTE-1.png 2000w\" sizes=\"auto, (max-width: 640px) 100vw, 640px\" \/>\t\t\t\t\t\t\t\t\t\t\t\t\t\t\t<\/div>\n\t\t\t\t<\/div>\n\t\t\t\t<div class=\"elementor-element elementor-element-0fd8017 elementor-widget elementor-widget-text-editor\" data-id=\"0fd8017\" data-element_type=\"widget\" data-widget_type=\"text-editor.default\">\n\t\t\t\t<div class=\"elementor-widget-container\">\n\t\t\t\t\t\t\t<p style=\"text-align: center;\">El Sindicato Nacional de Trabajadores F.C.A.B. es una organizaci\u00f3n que se encuentra legalmente constituida, R.S.U. N\u00b02011091 del registro sindical \u00fanico en Inspecci\u00f3n Comunal del Trabajo de Antofagasta, cuyo directorio es v\u00e1lido desde el 15 de diciembre de 2025 al 15 de diciembre de 2029.<\/p>\t\t\t\t\t\t<\/div>\n\t\t\t\t<\/div>\n\t\t\t\t\t<\/div>\n\t\t<\/div>\n\t\t\t\t\t\t\t<\/div>\n\t\t<\/section>\n\t\t\t\t\t\t<\/div>\n\t\t\t\t\t<\/div>\n\t\t","protected":false},"excerpt":{"rendered":"<p>Directiva &#8220;El Sindicato Nacional de Trabajadores FCAB. Se crea el 15 de Diciembre de 2017. Esta es la fusi\u00f3n de dos antiguos sindicatos, los cuales<\/p>\n","protected":false},"author":1,"featured_media":0,"parent":0,"menu_order":0,"comment_status":"closed","ping_status":"closed","template":"","meta":{"om_disable_all_campaigns":false,"_monsterinsights_skip_tracking":false,"_monsterinsights_sitenote_active":false,"_monsterinsights_sitenote_note":"","_monsterinsights_sitenote_category":0,"footnotes":""},"class_list":["post-18","page","type-page","status-publish","hentry"],"_links":{"self":[{"href":"https:\/\/fcabsnt.cl\/index.php?rest_route=\/wp\/v2\/pages\/18","targetHints":{"allow":["GET"]}}],"collection":[{"href":"https:\/\/fcabsnt.cl\/index.php?rest_route=\/wp\/v2\/pages"}],"about":[{"href":"https:\/\/fcabsnt.cl\/index.php?rest_route=\/wp\/v2\/types\/page"}],"author":[{"embeddable":true,"href":"https:\/\/fcabsnt.cl\/index.php?rest_route=\/wp\/v2\/users\/1"}],"replies":[{"embeddable":true,"href":"https:\/\/fcabsnt.cl\/index.php?rest_route=%2Fwp%2Fv2%2Fcomments&post=18"}],"version-history":[{"count":23,"href":"https:\/\/fcabsnt.cl\/index.php?rest_route=\/wp\/v2\/pages\/18\/revisions"}],"predecessor-version":[{"id":4756,"href":"https:\/\/fcabsnt.cl\/index.php?rest_route=\/wp\/v2\/pages\/18\/revisions\/4756"}],"wp:attachment":[{"href":"https:\/\/fcabsnt.cl\/index.php?rest_route=%2Fwp%2Fv2%2Fmedia&parent=18"}],"curies":[{"name":"wp","href":"https:\/\/api.w.org\/{rel}","templated":true}]}}